 -20. Suppose -16 - 4 = -5*n. Suppose t + n*t = i. List the prime factors of t.
2
Suppose 0*u - 2 = -2*m + 3*u, 3*m + 4*u = 20. Suppose 0 = i - 2*v + 6, -2*i + 4*v - m = 8*v. What are the prime factors of (-51)/i + 2/8?
13
Suppose -4*s + 4*k = 8, 5*s = 3*k + 1 - 7. Suppose -4*w + 956 = 5*p - 34, s = p - w - 207. What are the prime factors of p?
2, 101
Suppose 4*j = 13 - 57. Let r(a) = -a**2 - 11*a + 14. Let k be r(j). List the prime factors of k*3/6*8.
2, 7
Suppose 0 = 5*m - 4*v + 155 + 138, 2*m - 3*v = -120. Let k = m + 106. What are the prime factors of k?
7
Suppose -5*r + 246 = -959. Let x = r + -366. What are the prime factors of 2/(-8) + x/(-4)?
31
Let j = -713 - -736. List the prime factors of j.
23
Let q = -484 + 730. What are the prime factors of q?
2, 3, 41
What are the prime factors of ((-3879)/(-6))/((-35)/10 + 5)?
431
Suppose -12*s + 16*s = 2408. List the prime factors of s.
2, 7, 43
Let d = 621 + 912. What are the prime factors of d?
3, 7, 73
Let v(i) = -518*i - 20. List the prime factors of v(-1).
2, 3, 83
Suppose -4*c + 10 = -5*c. Let z be 77/5 + c/25. Suppose o = -2 + z. What are the prime factors of o?
13
What are the prime factors of (4/14 - (-10676)/119) + -4?
2, 43
Let r(g) = -g**3 - 5*g**2 - 2*g - 7. Suppose 3 = -2*s - s, 2*s = 2*n + 10. What are the prime factors of r(n)?
41
Suppose -5*l - 32 = -s, -133 = -5*s - 0*s - 2*l. Let y = s + -23. Suppose 3*r - y*j - 87 = 89, r = -2*j + 42. List the prime factors of r.
2, 13
Let u = -403 + 462. List the prime factors of u.
59
Let b = 52 + -31. Suppose 10 = -5*s, 2 = 3*l - 4*s - b. Let u(m) = -m**3 + 5*m**2 + 5*m + 6. What are the prime factors of u(l)?
31
Let a(t) = t**3 - 26*t**2 + 24*t - 9. Let l be a(25). Let u = l + 122. What are the prime factors of u?
2, 11
Suppose -9*h - 120 + 25995 = 0. What are the prime factors of h?
5, 23
Let c = 75 - 2. Let d be 6/(-18) + c/3. Suppose -2*t = -4*t + d. What are the prime factors of t?
2, 3
Let s(y) = y**2 - 12*y + 9. Let j be s(11). Let t be (-3 - (-47 + j))/2. Let k = t - 19. What are the prime factors of k?
2
What are the prime factors of 11/(-22)*2*-6*17?
2, 3, 17
Let h(m) = -635*m + 126. List the prime factors of h(-3).
3, 677
Let s(l) = 7*l**3 + 12*l**2 + 3*l - 7. Let b(h) = -13*h**3 - 23*h**2 - 6*h + 13. Let a(f) = -6*b(f) - 11*s(f). What are the prime factors of a(-3)?
17
Let d be 6/4*-2 + 13. Let s be d + -6 - (0 + 0). Suppose 44 = -s*v + 8*v. What are the prime factors of v?
11
Suppose -l + 42 = -4*l. Let f be l*(-1 + -3 + 1). Let r = f + -20. What are the prime factors of r?
2, 11
Let l = -37 + 40. Suppose -20 = -4*r, -l*r + 98 = o - r. List the prime factors of o.
2, 11
Suppose 0 = 4*m - 609 - 63. Suppose m = -t + 5*t. Suppose -t = -2*g - g. What are the prime factors of g?
2, 7
Let t(b) = -b**2 + 81*b + 102. What are the prime factors of t(37)?
2, 5, 173
Let g(s) = -282*s + 370. List the prime factors of g(-10).
2, 5, 11, 29
Let v be 171/(-12) - 4/(-16). Let m(y) = 3*y**2 + 28*y - 14. What are the prime factors of m(v)?
2, 7, 13
Let j be ((-5)/(-25))/(2/10). List the prime factors of 166/1 - (-3 - (j + -4)).
2, 83
Let g(o) = 2*o - 9. Let m be (-9)/6 + (-30)/(-4). Let l be g(m). Suppose l*s = -3*q + 66 + 12, 4*s + 3*q = 109. What are the prime factors of s?
31
Let a(g) = -g**3 + 17*g**2 - 3*g + 9. List the prime factors of a(9).
2, 3, 5, 7
What are the prime factors of (-3 - -11)/(-3 + (-7745)/(-2580))?
2, 3, 43
Suppose -s + 16 = 2*p - 11, 2*p + 78 = 4*s. Let l = -14 + s. Let i = 43 - l. List the prime factors of i.
2, 3
Let x(c) = -c**2 - c + 1. Let j be x(-2). Let w be -11 - 4*j/(-4). Let g = 17 + w. What are the prime factors of g?
5
What are the prime factors of 396*9/12 - 11?
2, 11, 13
Suppose t - 13 - 11 = 2*s, -t = -3*s - 36. Let w = 617 - 566. Let j = w + s. What are the prime factors of j?
3, 13
Let l be (0 - (-2 - -1)) + 4. Let w be (83 + -101)/(2/(-4)). Suppose -w - 194 = -l*r. What are the prime factors of r?
2, 23
Let s = 3 - 0. Let h be ((-1)/s)/1*-363. What are the prime factors of 2/(-4)*(-5 - h)?
3, 7
Let q(y) = 11*y**3 - 4*y**2 - 2. Let f be q(3). List the prime factors of (92/28 + -3)*f.
2, 37
Suppose -3*o = -o - 8. Suppose -6*d + d - 455 = -5*q, o*q - d = 361. What are the prime factors of q?
2, 3, 5
Let g(m) = 342*m + 27. Let p be g(12). List the prime factors of (-4)/22 - (-2 - p/33).
127
Let k(m) be the third derivative of m**6/120 + 2*m**5/15 + 13*m**4/24 + 3*m**3/2 - 5*m**2. Let o be k(-6). Let v(q) = 13*q - 5. List the prime factors of v(o).
2, 17
Suppose 159 = 8*p - 5*p. Suppose 0 = -4*c + b + p, -5*c + 5*b = -10*c + 60. What are the prime factors of c?
13
Let q = -331 + 502. What are the prime factors of q?
3, 19
Let f(h) = h**3 - 4*h**2 + 14. Let k be f(6). Let i = k - 50. List the prime factors of i.
2, 3
Let x(u) = -u**3 + 5*u**2 - 6*u + 3. What are the prime factors of x(-5)?
283
Let s(j) = j + 1. Let b be s(1). Let f be b*-10*3/(-12). Suppose -f*q + 110 = -0*q. What are the prime factors of q?
2, 11
Let i(z) = z - 29. Let c be i(9). Suppose 3*j - 64 = 5*b, -5*j = -2*b + 3*b - 116. Let s = c + j. What are the prime factors of s?
3
Let x be (-1)/(2/40 + (-15)/60). List the prime factors of (49 - 5 - x)/(2 - 1).
3, 13
Let g(y) = 429*y**3 - 3*y + 3. What are the prime factors of g(1)?
3, 11, 13
Let t be 8/52 - (-1030)/65. Let u be (-2)/((t/(-4))/(-4)). List the prime factors of (43 - (1 + u)) + 4.
2, 3
Let w(y) = y**3 + 15*y**2 + 6*y - 9. Let a(t) = -4*t**3 - 46*t**2 - 19*t + 28. Let u(r) = 2*a(r) + 7*w(r). What are the prime factors of u(12)?
5, 37
Let g(r) = 3*r**2 - r - 12. Let z be g(-5). Suppose 0 = 2*m - 2*x + x - z, -2*m = -5*x - 52. What are the prime factors of m?
2, 3
Suppose -6*o = a - 4*o - 16, -3*a - 5*o = -50. Suppose u = a - 0. What are the prime factors of u?
2, 5
Suppose w + 19 = -o + 649, -4*o + 3*w + 2520 = 0. List the prime factors of o.
2, 3, 5, 7
Let m(v) = v**3 + 14*v**2 + 14*v - 40. What are the prime factors of m(-12)?
2, 5
Suppose 2*i - 21 = 1. Let g(b) = b**3 - 9*b**2 - 6*b - 3. List the prime factors of g(i).
173
Suppose d = -2*d + 5*l + 749, -d - 2*l = -235. What are the prime factors of d?
3
Suppose 0 = -5*m - 4*y + 2718, -4*y = 3*m - 7*y - 1647. What are the prime factors of m?
2, 3, 7, 13
Let y(w) be the second derivative of -2*w**5/5 - w**4/6 - 2*w**3/3 - 5*w**2/2 - 15*w. List the prime factors of y(-3).
5, 41
Suppose 25 = 5*h, 3*h - 203 = -3*r - h. Let o = 97 - r. What are the prime factors of o?
2, 3
Let g be ((-260)/(-30))/(2/(-3)). Let v = 44 + g. What are the prime factors of v?
31
Suppose 5*w - 11 = 9. Let z = 309 - 219. Suppose 26 = w*a - z. List the prime factors of a.
29
Suppose i - 834 + 224 = 0. List the prime factors of i.
2, 5, 61
Suppose -7*o = -11*o + 12. Let j(z) = -z**2 + 5*z + 3. Let h be j(o). List the prime factors of ((-6)/h)/((-4)/18).
3
Let q(h) = 296*h - 391. What are the prime factors of q(14)?
3, 139
Let s = 2523 + 616. List the prime factors of s.
43, 73
Let b(j) = j**3 - j**2. Let p(y) = 9*y**3 - 9*y**2 - 5*y + 6. Let r(z) = 6*b(z) - p(z). What are the prime factors of r(-3)?
3, 29
Suppose 505 = 4*m + k, -5*k + 383 = 3*m - 0*k. Let a = 290 - m. What are the prime factors of a?
2, 41
Suppose -2*x = x - 24. Suppose -r - x = 2*a, -a = 2*r - r + 4. Suppose y - 4*y + 42 = r. List the prime factors of y.
2, 7
Let x(n) = 4*n**2 - 17*n + 18. List the prime factors of x(16).
2, 5, 7, 11
Let n(s) = s**2 + 15*s + 1. Let c(q) = -4*q**2 - 45*q - 2. Let o(b) = 2*c(b) + 7*n(b). List the prime factors of o(13).
29
Let z = -4588 - -6991. What are the prime factors of z?
3, 89
Suppose -10 = 2*s, 0*s = q - s + 50. List the prime factors of (-5435)/q - (-4)/22.
3, 11
Suppose 4774 = -5*p + h, 0 = h - 4*h - 3. List the prime factors of (-5)/(140/12) + p/(-7).
2, 17
Let w(u) = -u**2 - 11*u - 11. Let c be w(-10). Let j(z) = -z - 1. Let r(v) = -5*v + 3. Let n(f) = c*r(f) - 4*j(f). List the prime factors of n(5).
2, 23
Let z = 536 - 150. What are the prime factors of z?
2, 193
Suppose -6*d + 5*d + 2 = 0. List the prime factors of 5 - (1 + d - 5).
7
Let u be (-4)/(-14) - (-80)/14. Let q(m) = -m**2 + 10*m + 11. What are the prime factors of q(u)?
5, 7
Suppose 3*v + 187 = 5*k, -3*k - 2*v - 46 = -143. List the prime factors of k.
5, 7
Suppose 4*j = -5*q - 13 + 